27?
False
Is 33 a multiple of 29?
False
Does 79 divide 826?
False
Does 36 divide 2476?
False
Does 104 divide 33550?
False
Is 71 a factor of 2239?
False
Does 400 divide 80000?
True
Is 4 a factor of 336?
True
Does 12 divide 3312?
True
Is 50 a factor of 1243?
False
Is 101708 a multiple of 20?
False
Is 2336 a multiple of 16?
True
Is 50235 a multiple of 231?
False
Does 10 divide 28235?
False
Is 35 a factor of 2847?
False
Is 8 a factor of 1128?
True
Is 35 a multiple of 32?
False
Is 3143 a multiple of 7?
True
Is 3303 a multiple of 83?
False
Is 49 a factor of 7776?
False
Is 31535 a multiple of 85?
True
Is 4266 a multiple of 4?
False
Is 7 a factor of 142?
False
Is 10 a multiple of 2?
True
Is 2700 even?
True
Is 8 a factor of 29227?
False
Is 27 a factor of 4954?
False
Does 53 divide 3816?
True
Is 3 a factor of 129?
True
Does 7 divide 448?
True
Is 39 a factor of 4629?
False
Does 84 divide 2247?
False
Is 14 a factor of 413?
False
Is 74 a factor of 41070?
True
Is 38 a factor of 43978?
False
Is 41696 a multiple of 52?
False
Does 7 divide 1141?
True
Does 27 divide 29268?
True
Does 7 divide 2401?
True
Is 240 a multiple of 2?
True
Is 51 a factor of 87?
False
Is 100050 a multiple of 14?
False
Is 64 a factor of 415?
False
Is 19 a factor of 190?
True
Is 7 a factor of 1108?
False
Is 141 a factor of 17202?
True
Is 18 a factor of 6525?
False
Is 590 a multiple of 59?
True
Is 4822 a multiple of 16?
False
Does 15 divide 79?
False
Does 52 divide 172692?
True
Does 3 divide 97?
False
Is 67 a factor of 1407?
True
Is 3 a factor of 2624?
False
Is 23 a factor of 769?
False
Does 7 divide 154?
True
Is 161 a multiple of 23?
True
Is 39 a factor of 2691?
True
Does 196 divide 54684?
True
Is 3 a factor of 5259?
True
Is 5361 a multiple of 3?
True
Does 327 divide 24519?
False
Does 19 divide 1520?
True
Does 183 divide 1635?
False
Is 7 a factor of 2338?
True
Does 5 divide 1058?
False
Does 66 divide 4158?
True
Does 30 divide 4810?
False
Does 13 divide 3133?
True
Is 13 a factor of 644?
False
Is 1885 a multiple of 65?
True
Is 2 a factor of 750?
True
Does 7 divide 672?
True
Does 174 divide 7369?
False
Does 15 divide 2101?
False
Is 184 a factor of 2208?
True
Is 153 a multiple of 17?
True
Does 11 divide 39017?
True
Does 19 divide 406?
False
Does 17 divide 180?
False
Does 69 divide 88209?
False
Is 4858 a multiple of 324?
False
Does 17 divide 26316?
True
Is 6912 a multiple of 48?
True
Is 7623 a multiple of 121?
True
Is 12 a factor of 17352?
True
Does 66 divide 1386?
True
Is 1701 a multiple of 21?
True
Does 43 divide 430?
True
Is 256 a multiple of 16?
True
Is 6 a factor of 18681?
False
Is 4644 a multiple of 43?
True
Is 9 a factor of 1953?
True
Is 42 a factor of 4071?
False
Is 69 a factor of 3381?
True
Is 19 a factor of 24803?
False
Is 5 a factor of 40?
True
Is 17745 a multiple of 169?
True
Is 43 a factor of 3414?
False
Is 180 a multiple of 5?
True
Is 63 a factor of 690?
False
Is 648 a multiple of 54?
True
Is 2360 a multiple of 59?
True
Does 108 divide 54648?
True
Does 23 divide 1357?
True
Does 16 divide 70960?
True
Does 6 divide 504?
True
Does 4 divide 116?
True
Is 58 a factor of 346?
False
Is 19 a factor of 361?
True
Is 138 a factor of 13825?
False
Does 30 divide 11550?
True
Is 23 a factor of 7608?
False
Is 1850 a multiple of 22?
False
Does 20 divide 905?
False
Is 1376 a multiple of 86?
True
Does 22 divide 3498?
True
Is 210 a multiple of 10?
True
Is 85 a factor of 3910?
True
Does 157 divide 5809?
True
Is 44 a factor of 79860?
True
Does 13 divide 380?
False
Is 783 a multiple of 11?
False
Does 43 divide 3443?
False
Is 3780 a multiple of 18?
True
Is 5854 a multiple of 18?
False
Does 33 divide 1907?
False
Is 38 a multiple of 2?
True
Is 49 a factor of 20237?
True
Is 16 a factor of 71737?
False
Does 30 divide 6886?
False
Is 8 a factor of 80?
True
Is 151 a factor of 2611?
False
Does 45 divide 720?
True
Does 118 divide 3124?
False
Does 67 divide 1206?
True
Is 2922 a multiple of 12?
False
Is 39 a factor of 1345?
False
Is 36 a factor of 1066?
False
Is 420 a multiple of 30?
True
Does 4 divide 4182?
False
Is 108 a factor of 60817?
False
Does 5 divide 2322?
False
Is 12 a factor of 103?
False
Is 42 a factor of 1386?
True
Does 16 divide 585?
False
Is 65 a factor of 7898?
False
Is 5537 a multiple of 49?
True
Is 17 a factor of 36805?
True
Does 70 divide 7314?
False
Is 340 a multiple of 10?
True
Is 2940 a multiple of 98?
True
Is 720 a multiple of 36?
True
Is 38 a factor of 11096?
True
Is 41 a factor of 1222?
False
Does 8 divide 662?
False
Is 6 a factor of 1066?
False
Is 16 a factor of 318?
False
Is 219 a factor of 6365?
False
Is 1084 a multiple of 40?
False
Does 110 divide 25040?
False
Is 9462 a multiple of 83?
True
Does 13 divide 212?
False
Does 22 divide 38?
False
Is 25 a factor of 2475?
True
Is 767 a multiple of 59?
True
Does 24 divide 4944?
True
Does 3 divide 87?
True
Is 18 a factor of 398?
False
Does 7 divide 519?
False
Is 1102 a multiple of 19?
True
Is 13718 a multiple of 38?
True
Is 58 a factor of 348?
True
Does 67 divide 4950?
False
Is 1171 a multiple of 33?
False
Is 1386 a multiple of 99?
True
Is 73639 a multiple of 19?
False
Is 11 a factor of 1595?
True
Does 52 divide 260?
True
Does 12 divide 396?
True
Is 11 a factor of 121?
True
Is 15532 a multiple of 11?
True
Is 4 a factor of 7928?
True
Is 49 a factor of 40621?
True
Does 428 divide 65692?
False
Does 6 divide 402?
True
Does 32 divide 160?
True
Is 2043 a multiple of 249?
False
Is 10 a factor of 987?
False
Does 162 divide 2592?
True
Is 4149 a multiple of 42?
False
Is 1188 a multiple of 36?
True
Is 1633 a multiple of 23?
True
Is 10220 a multiple of 51?
False
Does 11 divide 44?
True
Does 19 divide 3363?
True
Is 625 a multiple of 3?
False
Does 13 divide 4992?
True
Does 100 divide 19521?
False
Does 81 divide 198?
False
Is 143247 a multiple of 188?
False
Is 8 a factor of 321?
False
Is 4494 a multiple of 42?
True
Is 297 a factor of 60291?
True
Is 476 a multiple of 17?
True
Is 280 a multiple of 9?
False
Is 2519 a multiple of 2?
False
Does 9 divide 125?
False
Does 244 divide 22311?
False
Is 1238 a multiple of 27?
False
Is 6100 a multiple of 17?
False
Is 2184 a multiple of 13?
True
Is 6494 a multiple of 138?
False
Is 57 a factor of 1949?
False
Is 247 a factor of 93860?
True
Is 502 a multiple of 36?
False
Is 87185 a multiple of 22?
False
Is 13316 a multiple of 60?
False
Does 10 divide 238?
False
Is 6 a factor of 168?
True
Does 69 divide 4761?
True
Is 412 a multiple of 46?
False
Is 17 a multiple of 17?
True
Is 442 a multiple of 22?
False
Is 11 a factor of 6006?
True
Is 4529 a multiple of 9?
False
Is 5203 a multiple of 121?
True
Is 9 a factor of 1766?
False
Is 8 a factor of 920?
True
Is 72240 a multiple of 280?
True
Is 8 a factor of 2027?
False
Is 9975 a multiple of 82?
False
Is 21 a factor of 69195?
True
Is 2312 a multiple of 68?
True
Is 6678 a multiple of 11?
False
Is 27 a factor of 44955?
True
Is 2214 a multiple of 18?
True
Is 7 a factor of 35882?
True
Does 40 divide 13747?
False
Is 303 a multiple of 9?
False
Does 12 divide 725?
False
Does 11 divide 198?
True
Is 6632 a multiple of 25?
False
Is 476 even?
True
Does 21 divide 1364?
False
Is 905 a multiple of 24?
False
Does 12 divide 624?
True
Is 986 a multiple of 17?
True
Is 4 a factor of 152?
True
Does 6 divide 1059?
False
Does 37 divide 3145?
True
Is 1096 a multiple of 26?
False
Does 10 divide 1308?
False
Does 14 divide 6188?
True
Is 260 a multiple of 13?
True
Does 53 divide 689?
True
Is 188 a multiple of 4?
True
Is 3700 a multiple of 100?
True
Is 5035 a multiple of 53?
True
Is 540 a multiple of 20?
True
Does 30 divide 2227?
False
Is 22 a factor of 2486?
True
Does 17 divide 4267?
True
Does 39 divide 10684?
False
Does 36 divide 1094?
False
Is 551 a multiple of 28?
False
Is 11 a multiple of 11?
True
Does 19 divide 1216?
True
Does 38 divide 1727?
False
Does 16 divide 395?
False
Is 124 a multiple of 5?
False
Is 2092 a multiple of 10?
False
Does 50 divide 1450?
True
Is 6372 a multiple of 59?
True
Is 59 a factor of 770?
False
Does 46 divide 214?
False
Is 441 a multiple of 21?
True
Does 29 divide 203?
True
Is 9 a factor of 27947?
False
Is 37 a factor of 124?
False
Is 7 a factor of 818?
False
Is 3296 a multiple of 62?
False
Does 9 divide 12145?
False
Is 771 a multiple of 28?
False
Is 1496 a multiple of 11?
True
Is 50